-m**3 + 10*m**2 - 12*m - 5. What is the units digit of f(8)?
7
Suppose 0 = -3*r - 2*r - 2*p - 3704, 3*p + 6 = 0. What is the tens digit of (-5)/20 - r/16?
4
Let j(y) = y**3 - 21*y**2 - 30*y + 136. What is the hundreds digit of j(23)?
5
Let o(k) = k**2 + 6*k + 7. Let a be o(-5). Suppose 4*y + 4*i - 448 = 0, 5*i = -a*y - y + 338. What is the units digit of y?
1
Suppose -3*l + 830 = 2*l. Let k = -71 + l. Let a = 133 - k. What is the units digit of a?
8
Suppose -119*o = -117*o - 1032. What is the tens digit of o?
1
What is the tens digit of (1755/260)/(2 - 7/4)?
2
What is the units digit of ((-5412)/18)/((-3)/18*4)?
1
What is the units digit of 8/(64/5976) + 4?
1
Suppose -62*d - 2322 = -68*d. What is the units digit of d?
7
Let t(y) = -5*y**2 - 6*y. Let w be t(-4). Let o be (-4)/6*(-4731)/(-38). Let s = w - o. What is the tens digit of s?
2
Let o be (5/(-5))/(2/(-116)). Let z = o - -11. What is the tens digit of z?
6
Let j(d) = d**3 - 8*d**2 - 9*d. Let b be j(9). Let u be b/2*(4 + -5). What is the tens digit of (-6 - -9) + u + 34?
3
What is the hundreds digit of -17 + 12 - 137*(-2)/2?
1
Suppose 1323 = 8*i - 1981. What is the units digit of i?
3
Let b be 6*4*20/30. Suppose -3*p - 30 = -4*a, -a + b = -6*p + p. What is the units digit of -1 + 3 + 2 + a?
0
Let p(g) be the second derivative of 109*g**3/6 - g**2 + 13*g. What is the tens digit of p(1)?
0
Let o(u) = u + 8. Let c be o(6). Suppose 0 = 3*n + 4*i - 5*i + 10, -5*n = i + 14. Let k = c + n. What is the units digit of k?
1
Suppose 2*v = -l + 1245, 15*l - 19*l = -5*v - 5006. What is the units digit of l?
9
Let x = 16 + -15. Let o(q) = -x + q + 4*q + q + 3*q. What is the tens digit of o(2)?
1
Let a = 758 - 116. What is the hundreds digit of a?
6
Let w = -308 + 323. What is the units digit of w?
5
Let q(y) = 13*y**2 - 12*y - 41. What is the units digit of q(-6)?
9
Suppose d + 2*j - 671 = -2*j, 662 = d + j. What is the units digit of d?
9
Let n(j) be the third derivative of j**6/120 - 3*j**5/20 + j**4/8 + 2*j**3/3 - 12*j**2. What is the tens digit of n(9)?
3
Suppose -5*p + o = -4*p - 220, 0 = -3*p - o + 640. What is the hundreds digit of p?
2
Let b = -28 + 59. Let g = 56 - b. What is the units digit of g?
5
Suppose -x + 638 = 3*c - 444, 4*c = 20. What is the hundreds digit of x?
0
Let u(b) = 18*b**2 + b. Let y be u(1). Suppose 8*i = -4*d + 4*i + 16, -3*d = 2*i - 10. What is the units digit of y + (-2)/d + 5?
3
Let t(o) be the first derivative of -5 + o + 1/4*o**4 - o**3 - 3/2*o**2. What is the units digit of t(4)?
5
Suppose -5385 = 799*k - 814*k. What is the units digit of k?
9
Suppose -4*j - l + 4194 = 0, 19*j = 24*j - 5*l - 5230. What is the units digit of j?
8
Suppose 5 + 3 = -2*h, o + 5*h - 52 = 0. Suppose -3*d = 3*w + 2*d - 32, o = 5*w - d. Suppose -4*l + 3*u + w = -34, -5*l + u = -49. What is the units digit of l?
9
Suppose 72 = -12*k + 14*k. Let g be (-217)/(-4) + (-9)/k. Suppose 3*f - g = -3*f. What is the units digit of f?
9
Suppose 3*j = 3*g - 5037, -g - 9*j + 1685 = -4*j. Suppose -11*b = -6*b - g. What is the tens digit of b?
3
Suppose -c = 3*p - 2596, 11*p + 2*c = 6*p + 4327. What is the tens digit of p?
6
Let c(n) = 3*n + 28 - 4*n - 22. Let x be c(4). What is the tens digit of 89/x + 2/4?
4
Suppose -5*l + 5 = 0, -2*l = -k + 24 + 24. Let n(c) = 10*c**2 + 6*c + 5. Let o be n(-1). Suppose k = f + o. What is the tens digit of f?
4
Let w = 1681 - 822. What is the tens digit of w?
5
Suppose 0 = 2*w - 5*t - 3, -3*t = 5*w - 0*t - 23. Suppose 0 = w*h - 8*h. Suppose -5*v + v + 96 = h. What is the tens digit of v?
2
Let i = -2441 + 3572. Suppose -18*o + 273 = -i. What is the tens digit of o?
7
Let x(q) = q**3 + 16*q**2 + q + 5. Let m be x(-16). Let o = m + 13. What is the units digit of o/(-11) - 3695/(-55)?
7
Let i be (-3)/(3 + 15/(-4)). Suppose w + i*f = -1 - 16, 0 = -4*w - 2*f - 54. Let p = w + 18. What is the units digit of p?
5
Let c = 8 + -2. What is the units digit of (-845)/(-10) + c/(-4)?
3
Let d be 1 + -90 + 6/2. Let q = 121 + d. What is the units digit of q?
5
Let m(g) = 5*g**2 - 16*g - 95. What is the units digit of m(26)?
9
Let m(x) = -x - 12. Let n be m(-13). Suppose n = 4*g + 5. What is the units digit of g/(-2)*14 + -4?
3
Let z be (-1)/(0 + -2)*6. Suppose -z*a + 1137 = 435. What is the units digit of a?
4
Suppose 11*k = k + 30. Suppose 4*p - 26 + 487 = k*q, 613 = 4*q - 5*p. What is the tens digit of q?
4
Let m = -21 + 40. Suppose 3*v + m = -2*z, -4*v - z - 2*z - 26 = 0. What is the units digit of -4*8/5*v?
2
Suppose 0 = 42*d + 13*d. Let a = -18 + 27. Suppose -a = -v - d*v. What is the units digit of v?
9
Let i(u) = 12*u**2 - 79*u + 61. What is the thousands digit of i(22)?
4
Let o(l) = 64*l - 6. Let i(r) = 32*r - 3. Let t(h) = -13*i(h) + 6*o(h). What is the units digit of t(-3)?
9
Let x be (7/7)/(3/12). What is the units digit of -2*(305/(-10))/(2/x)?
2
What is the units digit of (((-25)/15)/(-5))/((-2)/(-1002))?
7
Let j(v) = 8 + 6*v + 3*v + v**2 + 8*v - 5*v. Let l be j(-7). Let y = -7 - l. What is the units digit of y?
0
Let q be -3 + 100 + (1 - 3). Let c = q - 53. What is the units digit of c?
2
What is the hundreds digit of (5/3)/(53/35775)?
1
Let c(s) = -10*s. Suppose -3*v = -7*q + 3*q + 11, -v = -5*q + 22. Let l be v/(-7) - 8/14. What is the tens digit of c(l)?
1
Let m = 5 - 13. Let n be (m/(-24))/(1/(-9)). What is the tens digit of n/(-3) + 1 - -12?
1
Suppose -3*i + s = -842, 13*i - 3*s = 14*i - 284. What is the tens digit of i?
8
Suppose 3*v + 2*r = 6354, 4220 = -2*v + 4*v - 4*r. What is the thousands digit of v?
2
Let c(p) = -9*p + 11. Let w be c(1). Let f(n) be the first derivative of n**4/2 - n**3/3 + 3*n**2/2 - 3*n - 1. What is the units digit of f(w)?
5
Let w(x) = 12*x**2 + 24*x + 99. What is the units digit of w(-5)?
9
Let t be (46 + -7)*(-23)/(-3). Suppose t = 5*n + 24. Let z = n + -31. What is the tens digit of z?
2
Suppose 114456 = 56*j + j. What is the tens digit of j?
0
Suppose 3*y - 19*z = -18*z + 6910, 2*y - 4612 = 2*z. What is the hundreds digit of y?
3
Let b = -5374 - -8991. What is the tens digit of b?
1
Let o = -96 - -86. What is the units digit of 73 - o - (1 + 4 + -2)?
0
Let z = -11 + 22. Let x = z + -15. What is the units digit of (-4)/5*10/x?
2
Suppose 3*s + 2*u = -2*u - 68, -u - 22 = s. Let v = s + 56. Suppose v = -z + 5*z. What is the units digit of z?
9
Let h = 58 - 75. What is the hundreds digit of (-23 - h)*(-131)/3?
2
Let p(v) = v - 7. Let b be p(8). What is the tens digit of 58/b - (2 - 1)?
5
Let t = 94 + -78. Suppose -t*k = -2*k - 2016. What is the tens digit of k?
4
What is the thousands digit of -1*8*16272/(-64)?
2
Suppose 4*u = -3*k + 106, -5*k - 18 + 53 = u. Suppose 4*p - 55 - u = 0. Let i = -8 + p. What is the units digit of i?
2
Let d(s) = -8*s + 4. Let f be d(-3). Suppose 4*g + f = 2*g. What is the tens digit of 6/g + (-346)/(-7)?
4
Let j(s) = -10*s + 98. What is the units digit of j(-9)?
8
Let k = -2016 + 3556. What is the thousands digit of k?
1
What is the hundreds digit of ((-32070)/270)/(2/(-18))?
0
Let x(u) = -4*u**2 + 2*u - 1. Let t be x(1). Suppose -7*y - 36 - 153 = 0. What is the tens digit of t*1 + (5 - y)?
2
Suppose -9 - 21 = 5*r. Let z(g) = 4*g**2 + 10*g + 15. What is the tens digit of z(r)?
9
Let o be (5/(-2) + 3)*(-28)/2. Let y(u) = 2*u**2 + 3*u + 23. What is the tens digit of y(o)?
0
Let n be (-54)/(-13) - (11/(-13) + 1). Suppose c + n*t = -c + 552, 3*c - 837 = -3*t. What is the tens digit of c?
8
Let w be 9 - (-2)/(6/9). Suppose -w = -v - 3*v, m + 2 = -v. Let q = 5 - m. What is the units digit of q?
0
Suppose f = -0*f. Let r = -8 + f. Let g = r - -16. What is the units digit of g?
8
Suppose 3*f - 625 = 2*y, 262 = 2*f - 4*y - 168. Suppose -t - 69 = -f. What is the units digit of t?
6
Let y = -175 + 174. Let c(z) = 35*z**2 + 4*z + 5. What is the units digit of c(y)?
6
Suppose -351*v = -344*v - 6496. What is the units digit of v?
8
Suppose u + z + 3 = 0, -4*u - 5*z = -3*u + 15. Suppose 5*n + 0 - 10 = u. What is the tens digit of -2 + (4 - n)*19?
3
Suppose -3*u - 4*l + 172 = -0*l, 2*u - 103 = -5*l. What is the tens digit of u?
6
Suppose 3*o - 9*s = -7*s + 381, 4*o + 4*s = 488. What is the units digit of o?
5
Suppose -2*y + 20 = 4*o, 2*y - o = 4*o - 25. Suppose 2*n - 7*n + 45 = y. Suppose n = 3*k - 15. What is the units digi